 t(f)?
21
Let v(n) = n + 0 - n - 3*n - 11. Let a be v(-5). Let x(p) = 10*p**2 - a*p**2 + 4 - 4*p**2 - 3*p**2 - 3*p. What is x(3)?
-14
Let i(r) = -r**2 + 8*r - 8. Let d(b) = -b**3 - 10*b**2 + 10*b - 6. Let x be d(-11). Suppose 0 = x*m - 10*m + 40. What is i(m)?
-8
Let s(n) be the second derivative of 0 + 4*n + 19*n**2 + 7/6*n**4 + 1/6*n**3. Let l(c) = -5*c**2 - 13. Let t(z) = 17*l(z) + 6*s(z). Determine t(6).
7
Let g(y) = -y + 16. Let k be (-6 + 460/70)/(4/70). Give g(k).
6
Let o(p) = 9271 - 5*p - p**2 - 4636 - 4636. Let a(f) = -3*f. Let b be a(2). Give o(b).
-7
Let s(n) be the third derivative of n**6/90 - n**5/120 + n**4/24 + 5*n**3/2 + 27*n**2. Let g(l) be the first derivative of s(l). Give g(1).
4
Suppose 3*x = -0*x - 6, 2*x = -4*y - 4. Let t(u) = y*u + 3 + 2*u - 12. Suppose -54 = -11*f - 631*g + 633*g, 5*f - 36 = -g. Determine t(f).
3
Let y(v) = 3*v**2 - 3172 + 5*v + 3172. Let u(a) = a**2 + a - 1. Let w(k) = -2*k - 3. Let h(s) = -2*u(s) + w(s). Let i(d) = 4*h(d) + 3*y(d). What is i(-4)?
16
Suppose 78 = -5*d - 202. Let n = d + 57. Let v(q) = 17*q**3 - 7*q**2 - 3*q - 7. Let s(a) = -8*a**3 + 3*a**2 + a + 3. Let z(m) = 5*s(m) + 2*v(m). Calculate z(n).
-5
Let q(p) = -3*p**3 + 2*p**2 - 3*p + 1. Let v(n) = 4*n. Let r be v(1). Suppose 0 = -592*a + 584*a + 16. Suppose -r*j - 2 = -5*l, j - 4*l = -4*j + a. Give q(j).
-21
Let g(w) = 2*w + 7. Let h(i) = -2*i - 6. Let u(p) = -4*g(p) - 5*h(p). Let s = 879 + -883. Determine u(s).
-6
Let z(q) = 2*q - 1. Let j be (4/6)/1 - (-120)/(-45). Let i be (3 - 1)*(-3)/j. Determine z(i).
5
Let c(j) = 5*j**3 + 3*j**2 + 13*j + 3. Suppose -5*z - 10 + 25 = 0. Let n(y) = 4*y**3 + 4*y**2 + 12*y + 4. Let g(a) = z*c(a) - 4*n(a). Calculate g(-6).
11
Let b be 2/(-5) - (-28)/70. Let v(l) = l**2 - 7*l + 4. Let t(c) = c**2 - 9*c + 4. Let o(w) = -4*t(w) + 5*v(w). Give o(b).
4
Let h(a) = 6*a + 5. Let n be h(-3). Let c = -16 - n. Let z(d) be the third derivative of -d**4/12 - d**3/2 - d**2. Determine z(c).
3
Let t(s) = 28 - 63 - 2*s + 15*s - 18*s. Determine t(-9).
10
Let n(p) be the second derivative of -p**4/12 - 2*p**3/3 - 7*p**2/2 + 58*p. What is n(-6)?
-19
Suppose -2*h - 5*u + 3 = 0, -5*h - 48 + 12 = -2*u. Let y be h/30 - (-8)/(-10). Let b(w) = -7*w**3 + 2*w**2 - 1. Determine b(y).
8
Let m(n) be the third derivative of -n**5/60 - 13*n**4/24 + n**3/6 - n**2 + 97*n. Give m(-10).
31
Suppose 5*v = 5*j + 8 - 3, -1 = -5*v + 3*j. Let w be (-12)/(0 + 4)*v. Let r(s) = 2*s - 2*s**2 - s**2 + 2*s - w - 8*s. What is r(-2)?
-7
Let d(m) = -m**3 + m**2 + m + 6. Let j = -23 + 23. Suppose 3*q + j - 9 = 0. Suppose 0*c + q*c = 0. Give d(c).
6
Let x = 241 - 247. Let g(w) = 7*w + 5. What is g(x)?
-37
Let w(h) = -310*h - 2163. Let f be w(-7). Let j be (-2)/4 - 10/(-4). Let a(m) = 3*m**3 + 7*m**2 - m - 1 + j*m - 4*m**3. Determine a(f).
6
Let c(b) = -3 + 7 - b**3 - 2*b - 3 + 2. Determine c(-3).
36
Let u(b) = -6*b + 2. Let g(w) = 29*w - 6. Let l(r) = -10*r + 2. Let t(j) = 3*g(j) + 8*l(j). Let n(k) = 5*t(k) + 6*u(k). Give n(2).
0
Let l(o) = o**2 - 7*o - 1. Let c(q) = 2*q - 16. Suppose -32 + 232 = 5*v. Let g = v + -29. Let z be c(g). Calculate l(z).
-7
Let v(s) = s**2 + 6*s - 26. Let l(i) = 3*i**2 + 18*i - 71. Let j(u) = -3*l(u) + 8*v(u). What is j(1)?
-2
Let x(z) be the second derivative of -2*z**3/3 - 125*z. Calculate x(1).
-4
Let f(x) = x**3 - x**2 + x + 2. Let y(i) = 4*i**3 - 11*i**2 + 5*i + 11. Let w(q) = 5*f(q) - y(q). Calculate w(-4).
31
Let b(t) = -t**3 - 6*t**2 - 4*t. Let s(f) = -5*f - 5 + 4*f + 0*f. Let w be s(0). Let o be b(w). Let l(p) = -p**3 - 5*p**2 - p + 3. Determine l(o).
8
Let u = -249 - -242. Let n(t) = t**2 + 9*t + 6. Give n(u).
-8
Let a(t) = -t**2 + 6*t + 62. Let y be a(-5). Let r(i) = -i**2 + 6*i + 4. Give r(y).
-3
Suppose -7*d = -13*d + 12. Let y(l) = -7*l + 2*l**d - 4*l**2 - 1 - 5*l**2 - l**3. Let k(q) = -q**2 + 10*q - 15. Let f be k(9). Determine y(f).
5
Let w(s) = 4*s - 1. Let c(a) = a - 1. Suppose 5*y = 8*o - 3*o - 15, -3*o + 4*y + 12 = 0. Let i be (1/(-1))/(1 - o). Let f(z) = i*w(z) + 2*c(z). Give f(-3).
5
Let l(o) = 8*o**3 + 2*o**2 - 1. Suppose 5*p + 1 = -4*q, 7*q - 2*q = 5*p + 10. Determine l(q).
9
Suppose -2*z + 8*z = 24. Let q(j) = 6*j + z + 4*j**3 - 3*j + 3*j - 5*j**2 - 5*j**3. Determine q(-6).
4
Let h = 190 - 195. Let l(j) = j**3 + 5*j**2 + 6*j - 4. What is l(h)?
-34
Let p(y) = -2*y**2 - 2*y. Let l(u) = 13*u**2 - 3*u - 2. Let r be l(-2). Suppose 4*d + r = -0*d. Let x = -17 - d. Give p(x).
-12
Let t(r) = 4. Let c(y) = -y + 4. Let s(b) = -4*c(b) + 3*t(b). What is s(3)?
8
Let t(s) = -3*s**2 + 3*s + 1 + 2*s - s**3 - 2*s**2. Suppose -20*z = -22*z - 12. What is t(z)?
7
Let j(x) = 3*x + 11. Let y(i) = -3*i - 14. Let m(h) = -5*j(h) - 4*y(h). What is m(3)?
-8
Let z = -16 - -24. Suppose -4*a + 16 - z = 0. Let p(h) = -4*h**2 - 3*h + 2. Determine p(a).
-20
Suppose c - 10 + 43 = m, 4*m = -5*c + 105. Suppose -4*x = m - 10. Let u(b) = 25*b**2 - 46*b**2 - b**3 + 15*b**2 - 7*b - 5. Determine u(x).
5
Let b(a) = 14*a**3 + a**2 + a - 1. Suppose -7 = -4*c + 5*v + 16, 4*v - 39 = -5*c. Suppose -8*w = -c*w. Suppose -2*j = -2 - w. Calculate b(j).
15
Suppose -44*m + 90 = -29*m. Let p(c) = 5 + 0 + c - 4. Determine p(m).
7
Let z(j) = 3*j - 14. Let x(k) = -29*k + 131. Let i(s) = -2*x(s) - 19*z(s). Give i(-2).
2
Let x be (-1)/4 - (-111)/12. Suppose -z = -2*y + x, -y + 4*z = -5*y + 36. Let m = -4 + y. Let a(v) = -v + 2. Calculate a(m).
0
Let s(x) be the first derivative of 5*x**2/2 - 4*x - 4. Suppose 2*q + 2 = -2*r, 5*q - 3*r - 11 = -4*r. What is s(q)?
11
Let x(j) = j**2 - 6*j - 7. Let b(t) = 59 + t - 41 - 2*t. Let s be b(11). What is x(s)?
0
Let u(j) = -j**2 - 172*j - 172*j + 339*j. Give u(-6).
-6
Let q(c) = c**3 + c**2 - 4*c - 1. Let i(t) = -4*t + 7 - 2 + 2*t**2 + 14*t. Let a be i(-4). Calculate q(a).
-7
Let k(t) = -t + 17. Let l = -437 - -437. What is k(l)?
17
Let t(o) = 7*o. Let h(l) = -l**2 - 8*l - 13. Let v be h(-6). What is t(v)?
-7
Let q(f) = 7*f**2 + 5*f - 58*f**3 + 28*f**3 + 31*f**3. Give q(-6).
6
Suppose -67*n + 210 = -37*n. Let x(a) = -a + 2. Let m(d) = -2*d + 3. Let r(f) = -2*m(f) + 3*x(f). What is r(n)?
7
Let o(g) = g**3 - 6*g**2 + 6*g + 12. Let u be o(3). Let t(d) be the first derivative of -u*d + 5 + 1/2*d**2. Determine t(6).
3
Let c be (13 + -4)/(9/6). Let h be (9/(-12))/((-1)/(-12)). Let v = h + c. Let p(g) = g - 3. Determine p(v).
-6
Let b(a) be the second derivative of 1/20*a**5 + 0*a**3 + 15*a + 0*a**2 + 1/4*a**4 + 0. What is b(-2)?
4
Let f(b) be the second derivative of b**4/12 + b**3 - 3*b**2 + 37*b. Give f(-8).
10
Let t(p) = p**3 + 6*p**2 - 11*p - 14. Let a be (-47 + 52)*7/(-5). Calculate t(a).
14
Let h be (4/(-5))/((-11)/165). Let r(p) = p**3 - 11*p**2 - 11*p - 17. Determine r(h).
-5
Let i(n) = -n - 2. Suppose -3*y + 5 = 5*j - 4*j, -j = -4*y + 16. Suppose 25 = -5*z + 5. Let d = j - z. Calculate i(d).
-2
Suppose 0 = 5*d - 4*s + 27, -3*d + 5*s + 0*s = 11. Let q(c) = -c**2 - 5*c + 3. Give q(d).
-11
Let r(j) = 5*j + 3. Let u(n) = n + 1. Let s(d) = -r(d) + 4*u(d). Give s(12).
-11
Let z(f) = -4*f**2 + 5*f + 1. Let w(r) = -r**2 - 1. Let p(g) = -3*w(g) + z(g). Let k(y) = -y**2 - 31*y - 234. Let j be k(-16). What is p(j)?
-2
Let n(g) = -g**2 + 15*g - 13. Let x(b) = b**2 - 16*b + 15. Let p(k) = -6*n(k) - 5*x(k). Calculate p(7).
-18
Suppose 9*h = 70 - 7. Let q(o) be the third derivative of o**4/8 - 2*o**3/3 + 4*o**2. Determine q(h).
17
Let j(o) = o + 3. Let d be (-2)/13 - (-880)/143. Suppose 0 + 24 = d*i. What is j(i)?
7
Let y(d) be the first derivative of -d**2 + 196. Let x be (6/8)/((-4)/32). Let h be (-1)/5 - x/5. What is y(h)?
-2
Let q(z) = -2*z + 1. Let t(f) = 18*f + 109. Let o be t(-6). Determine q(o).
-1
Let f(w) = -w**2 - 8*w + 12. Suppose 6 = -i + z + 1, -i - 15 = z. Give f(i).
-8
Let m(o) = 2*o - 2. Let p(z) = -8*z + 14. Let q(w) = 26*m(w) + 6*p(w). Calculate q(-9).
-4
Let h(w) = -w - 10. Let o be (15/4)/(30/40). Let u(k) = 4*k + 0*k + 11 - 3*k. Let q(g) = o*h(g) + 4*u(g). What is q(-5)?
-1
Let v(w) be the first derivative of 1/6*w**4 - 10*w - w**2 + 0*w**3 + 2. Let k(g) be the first derivative of v(g). Give k(2).
6
Let q(m) = 10*m**2 + 14*m - 10. Let i(a) = -3*a**2 - 4*a + 3. Let l(r) = 7*i(r) + 2*q(r). What is l(0)?
1
Let b = 216 - 223. Let n(g) = g**2 + 8*g + 2. Determine n(b).
-5
Suppose 5*q = 5*y + 45, 3*y - 2*y = 5*q - 